{"id":225,"date":"2020-12-14T17:10:26","date_gmt":"2020-12-14T16:10:26","guid":{"rendered":"http:\/\/bmv.sciencespo-lille.eu\/?page_id=225"},"modified":"2025-02-20T11:40:17","modified_gmt":"2025-02-20T10:40:17","slug":"partenariats","status":"publish","type":"page","link":"https:\/\/bmv.sciencespo-lille.eu\/index.php\/partenariats\/","title":{"rendered":"Partenariats"},"content":{"rendered":"\n<ul class=\"wp-block-list\">\n<li><strong>L\u2019\u00c9cole comestible<\/strong><\/li>\n<\/ul>\n\n\n\n<p><a href=\"https:\/\/www.ecolecomestible.org\/\" data-type=\"link\" data-id=\"https:\/\/www.ecolecomestible.org\/\" target=\"_blank\" rel=\"noreferrer noopener\">Site de L\u2019\u00c9cole comestible<\/a><\/p>\n\n\n\n<p>L\u2019\u00c9cole comestible est une association fond\u00e9e par la journaliste Camille Labro qui consid\u00e8re que \u00ab\u00a0l<em>&lsquo;on peut changer le monde par la mani\u00e8re dont on mange, et que tout commence dans l&rsquo;enfanc<\/em>e\u00a0\u00bb.<\/p>\n\n\n\n<p>L&rsquo;\u00e9quipe de L\u2019\u00c9cole comestible vient au premier semestre en quatri\u00e8me ann\u00e9e former les \u00e9tudiantes et \u00e9tudiants de BMV \u00e0 l&rsquo;animation des ateliers d&rsquo;\u00e9ducation alimentaire (ateliers cagette de l\u00e9gumes, de la graine au l\u00e9gume, etc.). Au second semestre elles et ils vont dans les \u00e9coles pour animer dans les classes ces ateliers. En 2023, l&rsquo;\u00e9cole Eug\u00e8ne Pauwels et le coll\u00e8ge Marie Curie \u00e0 Saint-Amand Les Eaux (59), l&rsquo;\u00e9cole Aristide Briand de Lille ont accueilli la promotion BMV et L\u2019\u00c9cole comestible (classes de CM1, CM2 et sixi\u00e8me).<\/p>\n\n\n\n<figure class=\"wp-block-gallery has-nested-images columns-default is-cropped wp-block-gallery-1 is-layout-flex wp-block-gallery-is-layout-flex\">\n<figure class=\"wp-block-image size-large\"><img fetchpriority=\"high\" decoding=\"async\" width=\"683\" height=\"1024\" data-id=\"501\" src=\"https:\/\/bmv.sciencespo-lille.eu\/wp-content\/uploads\/2023\/12\/Partenariat_BMV_LEcole_Comestible-683x1024.jpg\" alt=\"\" class=\"wp-image-501\" srcset=\"https:\/\/bmv.sciencespo-lille.eu\/wp-content\/uploads\/2023\/12\/Partenariat_BMV_LEcole_Comestible-683x1024.jpg 683w, https:\/\/bmv.sciencespo-lille.eu\/wp-content\/uploads\/2023\/12\/Partenariat_BMV_LEcole_Comestible-200x300.jpg 200w, https:\/\/bmv.sciencespo-lille.eu\/wp-content\/uploads\/2023\/12\/Partenariat_BMV_LEcole_Comestible-768x1152.jpg 768w, https:\/\/bmv.sciencespo-lille.eu\/wp-content\/uploads\/2023\/12\/Partenariat_BMV_LEcole_Comestible-1024x1536.jpg 1024w, https:\/\/bmv.sciencespo-lille.eu\/wp-content\/uploads\/2023\/12\/Partenariat_BMV_LEcole_Comestible-rotated.jpg 1280w\" sizes=\"(max-width: 683px) 100vw, 683px\" \/><\/figure>\n\n\n\n<figure class=\"wp-block-image size-large\"><img decoding=\"async\" width=\"683\" height=\"1024\" data-id=\"502\" src=\"https:\/\/bmv.sciencespo-lille.eu\/wp-content\/uploads\/2023\/12\/Partenariat_BMV_LEcole-Comestible2-683x1024.jpg\" alt=\"\" class=\"wp-image-502\" srcset=\"https:\/\/bmv.sciencespo-lille.eu\/wp-content\/uploads\/2023\/12\/Partenariat_BMV_LEcole-Comestible2-683x1024.jpg 683w, https:\/\/bmv.sciencespo-lille.eu\/wp-content\/uploads\/2023\/12\/Partenariat_BMV_LEcole-Comestible2-200x300.jpg 200w, https:\/\/bmv.sciencespo-lille.eu\/wp-content\/uploads\/2023\/12\/Partenariat_BMV_LEcole-Comestible2-768x1152.jpg 768w, https:\/\/bmv.sciencespo-lille.eu\/wp-content\/uploads\/2023\/12\/Partenariat_BMV_LEcole-Comestible2-1024x1536.jpg 1024w, https:\/\/bmv.sciencespo-lille.eu\/wp-content\/uploads\/2023\/12\/Partenariat_BMV_LEcole-Comestible2-rotated.jpg 1280w\" sizes=\"(max-width: 683px) 100vw, 683px\" \/><\/figure>\n<\/figure>\n\n\n\n<hr class=\"wp-block-separator has-text-color has-css-opacity has-background is-style-wide\" style=\"background-color:#e6e6e6;color:#e6e6e6\"\/>\n\n\n\n<ul class=\"wp-block-list\">\n<li><strong>Festival du journalisme culinaire \u00ab\u00a0Boire, Manger, Dire\u00a0\u00bb<\/strong><\/li>\n<\/ul>\n\n\n\n<div class=\"wp-block-media-text is-stacked-on-mobile\"><figure class=\"wp-block-media-text__media\"><img decoding=\"async\" width=\"1024\" height=\"664\" src=\"https:\/\/bmv.sciencespo-lille.eu\/wp-content\/uploads\/2023\/12\/Logo_Festival_Boire_Manger_Dire_BMD-1024x664.png\" alt=\"\" class=\"wp-image-503 size-full\" srcset=\"https:\/\/bmv.sciencespo-lille.eu\/wp-content\/uploads\/2023\/12\/Logo_Festival_Boire_Manger_Dire_BMD-1024x664.png 1024w, https:\/\/bmv.sciencespo-lille.eu\/wp-content\/uploads\/2023\/12\/Logo_Festival_Boire_Manger_Dire_BMD-300x194.png 300w, https:\/\/bmv.sciencespo-lille.eu\/wp-content\/uploads\/2023\/12\/Logo_Festival_Boire_Manger_Dire_BMD-768x498.png 768w, https:\/\/bmv.sciencespo-lille.eu\/wp-content\/uploads\/2023\/12\/Logo_Festival_Boire_Manger_Dire_BMD-1536x996.png 1536w, https:\/\/bmv.sciencespo-lille.eu\/wp-content\/uploads\/2023\/12\/Logo_Festival_Boire_Manger_Dire_BMD-2048x1327.png 2048w\" sizes=\"(max-width: 1024px) 100vw, 1024px\" \/><\/figure><div class=\"wp-block-media-text__content\">\n<p>Sciences Po Lille, l\u2019\u00c9cole Sup\u00e9rieure de Journalisme de Lille et Mange, Lille ! organisent le festival \u00ab Boire Manger Dire \u00bb. Cet \u00e9v\u00e8nement est un lieu d\u2019\u00e9changes, de rencontres et de partages avec et entre les journalistes, mais pas uniquement. Il se d\u00e9roule en public, avec des cheffes et chefs, des scientifiques, et des \u00e9tudiantes et \u00e9tudiants. Les festival se d\u00e9roule \u00e0 l\u2019ESJ Lille, \u00e0 Sciences Po Lille et plus globalement dans la ville de Lille (festival Off).<br><a href=\"https:\/\/mangelille.com\/boire-manger-dire\/\">Site Boire Manger Dire<\/a><\/p>\n<\/div><\/div>\n\n\n\n<p>Les intervenants et intervenantes de la premi\u00e8re \u00e9dition (20-22 octobre 2023) :<\/p>\n\n\n\n<p><a href=\"https:\/\/www.linkedin.com\/in\/ACoAACJStjQBplikgM0HzBc1d_2vGVLbQkDDI_E\" target=\"_blank\" rel=\"noreferrer noopener\">J\u00e9r\u00f4me Baudouin<\/a>&nbsp;(<em><a href=\"https:\/\/www.linkedin.com\/company\/la-revue-du-vin-de-france\/\" target=\"_blank\" rel=\"noreferrer noopener\">La Revue du vin de France<\/a><\/em>), <a href=\"https:\/\/www.linkedin.com\/in\/ACoAAAKoYIMB8TP1X6r1qnkBUBF12OYZ2GRUcHM\" target=\"_blank\" rel=\"noreferrer noopener\">Romain&nbsp;Becker<\/a>&nbsp;et <a href=\"https:\/\/www.linkedin.com\/in\/ACoAAAMokjcBhFMdrtk_E91PuC51nLqKrGBVyPU\" target=\"_blank\" rel=\"noreferrer noopener\">Antoine Msika<\/a>&nbsp;(<em>Le bon grain de l&rsquo;ivresse<\/em>), <a href=\"https:\/\/www.linkedin.com\/in\/ACoAAAvWxaIBxoCJpwKceEO4Sk4SvX2Wosj3A9o\" target=\"_blank\" rel=\"noreferrer noopener\">Nora Bouazzouni<\/a>&nbsp;(autrice et beaucoup de m\u00e9dias !), Martin Boudot (<em>Vert de rage<\/em>), Nicolas Crestel (<em>ESJ Lille<\/em>), Elisabeth Debourse (<em><a href=\"https:\/\/www.linkedin.com\/company\/lefooding\/\" target=\"_blank\" rel=\"noreferrer noopener\">Le Fooding<\/a><\/em>) Jacky Durand (<em>Lib\u00e9ration)<\/em>, la cheffe Manon Fleury (<em>Datil<\/em>), Mathilde G\u00e9rard (<em>Le Monde<\/em>), <a href=\"https:\/\/www.linkedin.com\/in\/ACoAAAJRP30BZOxpBfVskwCva82nyOGTyy1FYqA\" target=\"_blank\" rel=\"noreferrer noopener\">Kathleen Grosset<\/a>&nbsp;(Conseil de D\u00e9ontologie Journalistique et de M\u00e9diation), <a href=\"https:\/\/www.linkedin.com\/in\/ACoAAA3aO5ABYpgZoAQia0wE37PsBLM1U3QPHg4\" target=\"_blank\" rel=\"noreferrer noopener\">Yann Gu\u00e9gan<\/a>&nbsp;(<em>Contexte<\/em>), <a href=\"https:\/\/www.linkedin.com\/in\/ACoAACE8UMgBL00QQSrwxoS7korsvXRd039r9FM\" target=\"_blank\" rel=\"noreferrer noopener\">Pierre Hivernat<\/a>&nbsp;(<em><a href=\"https:\/\/www.linkedin.com\/company\/alimentation-g%C3%A9n%C3%A9rale-plateforme-des-cultures-du-go%C3%BBt\/\" target=\"_blank\" rel=\"noreferrer noopener\">Alimentation G\u00e9n\u00e9rale<\/a><\/em>), Marie-Eve Lacasse (<em>Lib\u00e9ration et Filles de vigne<\/em>), le chef <a href=\"https:\/\/www.linkedin.com\/company\/florent-ladeyn\/\" target=\"_blank\" rel=\"noreferrer noopener\">Florent L<\/a>adeyn (<em>Auberge du Vert Mont<\/em>), le chef Damien Laforce, (<em>Le Braque<\/em>), <a href=\"https:\/\/www.linkedin.com\/in\/ACoAAAb_DwwBinAyuvdbbL_F9aChNI3shLM7u5E\" target=\"_blank\" rel=\"noreferrer noopener\">St\u00e9phane M\u00e9jan\u00e8s<\/a>&nbsp;(auteur et beaucoup d&rsquo;autres m\u00e9dias), <a href=\"https:\/\/www.linkedin.com\/in\/ACoAAAFP9MkBp2dQKmDpF4UTPw9eFQ_Azdl0tOU\" target=\"_blank\" rel=\"noreferrer noopener\">Sidonie Naulin<\/a>&nbsp;(Sciences Po Grenoble), <a href=\"https:\/\/www.linkedin.com\/in\/ACoAAACnyaMBJbuT4pMe7pOWjClUKA-TW2j4v0Y\" target=\"_blank\" rel=\"noreferrer noopener\">Est\u00e9relle Payany<\/a>&nbsp;<em>(T\u00e9l\u00e9rama <\/em>entre autres &#8230;), <a href=\"https:\/\/www.linkedin.com\/in\/ACoAACDt7p4BYz2g69LDSWJcyAELRAgxw6-Fqvg\" target=\"_blank\" rel=\"noreferrer noopener\">Laur\u00e8ne Petit<\/a>&nbsp;(beaucoup de m\u00e9dias !), <a href=\"https:\/\/www.linkedin.com\/in\/ACoAAAlPzswBYH1F7Ch1oPk5xfv5Lz0S7L61m6Q\" target=\"_blank\" rel=\"noreferrer noopener\">Franck Pinay-Rabaroust<\/a>&nbsp;(<em>Bouillant(e)s)<\/em>, L\u00e9o Pajon (<em>Le Monde<\/em>), P\u00e9p\u00e9e le Mat (<em>France bleu et France 3<\/em>),<a href=\"https:\/\/www.linkedin.com\/in\/ACoAABz9AKgB2QniCBTfc5vykbsPrp2qb145gnA\" target=\"_blank\" rel=\"noreferrer noopener\">&nbsp;Eglantine<\/a>&nbsp;Puel (<em><a href=\"https:\/\/www.linkedin.com\/in\/ACoAACMJlKIB19UbbzRCW74mQpbO9olHir2ZkUs\" target=\"_blank\" rel=\"noreferrer noopener\">Terres et Territoires<\/a><\/em>), <a href=\"https:\/\/www.linkedin.com\/in\/ACoAAA2SRM4BGMr0ZIfEFKOW8bcrHjzQ4jWG9jo\" target=\"_blank\" rel=\"noreferrer noopener\">Julie Reux<\/a>, (<em><a href=\"https:\/\/www.linkedin.com\/company\/vinofutur\/\" target=\"_blank\" rel=\"noreferrer noopener\">Vinofutur<\/a><\/em>), Olivier Roger (<em>France T\u00e9l\u00e9visions<\/em>), <a href=\"https:\/\/www.linkedin.com\/in\/ACoAAAl3WlAB1KJRh-ccUD7WSLdAYbI4lYQhSVo\" target=\"_blank\" rel=\"noreferrer noopener\">Ez\u00e9chiel Z\u00e9rah<\/a>&nbsp;(<em>Pom\u00e9lo<\/em>), &#8230;<\/p>\n\n\n\n<p><\/p>\n\n\n\n<div style=\"height:19px\" aria-hidden=\"true\" class=\"wp-block-spacer\"><\/div>\n\n\n\n<p><\/p>\n","protected":false},"excerpt":{"rendered":"<p>Site de L\u2019\u00c9cole comestible L\u2019\u00c9cole comestible est une association fond\u00e9e par la journaliste Camille Labro qui consid\u00e8re que \u00ab\u00a0l&lsquo;on peut changer le monde par la mani\u00e8re dont on mange, et que tout commence dans l&rsquo;enfance\u00a0\u00bb. L&rsquo;\u00e9quipe de L\u2019\u00c9cole comestible vient au premier semestre en quatri\u00e8me ann\u00e9e former les \u00e9tudiantes et \u00e9tudiants de BMV \u00e0 l&rsquo;animation [&hellip;]<\/p>\n","protected":false},"author":1,"featured_media":0,"parent":0,"menu_order":0,"comment_status":"closed","ping_status":"closed","template":"","meta":{"_seopress_robots_primary_cat":"","_seopress_titles_title":"","_seopress_titles_desc":"","_seopress_robots_index":"","ocean_post_layout":"","ocean_both_sidebars_style":"","ocean_both_sidebars_content_width":0,"ocean_both_sidebars_sidebars_width":0,"ocean_sidebar":"0","ocean_second_sidebar":"0","ocean_disable_margins":"enable","ocean_add_body_class":"","ocean_shortcode_before_top_bar":"","ocean_shortcode_after_top_bar":"","ocean_shortcode_before_header":"","ocean_shortcode_after_header":"","ocean_has_shortcode":"","ocean_shortcode_after_title":"","ocean_shortcode_before_footer_widgets":"","ocean_shortcode_after_footer_widgets":"","ocean_shortcode_before_footer_bottom":"","ocean_shortcode_after_footer_bottom":"","ocean_display_top_bar":"default","ocean_display_header":"default","ocean_header_style":"","ocean_center_header_left_menu":"0","ocean_custom_header_template":"0","ocean_custom_logo":0,"ocean_custom_retina_logo":0,"ocean_custom_logo_max_width":0,"ocean_custom_logo_tablet_max_width":0,"ocean_custom_logo_mobile_max_width":0,"ocean_custom_logo_max_height":0,"ocean_custom_logo_tablet_max_height":0,"ocean_custom_logo_mobile_max_height":0,"ocean_header_custom_menu":"0","ocean_menu_typo_font_family":"0","ocean_menu_typo_font_subset":"","ocean_menu_typo_font_size":0,"ocean_menu_typo_font_size_tablet":0,"ocean_menu_typo_font_size_mobile":0,"ocean_menu_typo_font_size_unit":"px","ocean_menu_typo_font_weight":"","ocean_menu_typo_font_weight_tablet":"","ocean_menu_typo_font_weight_mobile":"","ocean_menu_typo_transform":"","ocean_menu_typo_transform_tablet":"","ocean_menu_typo_transform_mobile":"","ocean_menu_typo_line_height":0,"ocean_menu_typo_line_height_tablet":0,"ocean_menu_typo_line_height_mobile":0,"ocean_menu_typo_line_height_unit":"","ocean_menu_typo_spacing":0,"ocean_menu_typo_spacing_tablet":0,"ocean_menu_typo_spacing_mobile":0,"ocean_menu_typo_spacing_unit":"","ocean_menu_link_color":"","ocean_menu_link_color_hover":"","ocean_menu_link_color_active":"","ocean_menu_link_background":"","ocean_menu_link_hover_background":"","ocean_menu_link_active_background":"","ocean_menu_social_links_bg":"","ocean_menu_social_hover_links_bg":"","ocean_menu_social_links_color":"","ocean_menu_social_hover_links_color":"","ocean_disable_title":"default","ocean_disable_heading":"default","ocean_post_title":"","ocean_post_subheading":"","ocean_post_title_style":"","ocean_post_title_background_color":"","ocean_post_title_background":0,"ocean_post_title_bg_image_position":"","ocean_post_title_bg_image_attachment":"","ocean_post_title_bg_image_repeat":"","ocean_post_title_bg_image_size":"","ocean_post_title_height":0,"ocean_post_title_bg_overlay":0.5,"ocean_post_title_bg_overlay_color":"","ocean_disable_breadcrumbs":"default","ocean_breadcrumbs_color":"","ocean_breadcrumbs_separator_color":"","ocean_breadcrumbs_links_color":"","ocean_breadcrumbs_links_hover_color":"","ocean_display_footer_widgets":"default","ocean_display_footer_bottom":"default","ocean_custom_footer_template":"0","footnotes":""},"class_list":["post-225","page","type-page","status-publish","hentry","entry"],"_links":{"self":[{"href":"https:\/\/bmv.sciencespo-lille.eu\/index.php\/wp-json\/wp\/v2\/pages\/225","targetHints":{"allow":["GET"]}}],"collection":[{"href":"https:\/\/bmv.sciencespo-lille.eu\/index.php\/wp-json\/wp\/v2\/pages"}],"about":[{"href":"https:\/\/bmv.sciencespo-lille.eu\/index.php\/wp-json\/wp\/v2\/types\/page"}],"author":[{"embeddable":true,"href":"https:\/\/bmv.sciencespo-lille.eu\/index.php\/wp-json\/wp\/v2\/users\/1"}],"replies":[{"embeddable":true,"href":"https:\/\/bmv.sciencespo-lille.eu\/index.php\/wp-json\/wp\/v2\/comments?post=225"}],"version-history":[{"count":10,"href":"https:\/\/bmv.sciencespo-lille.eu\/index.php\/wp-json\/wp\/v2\/pages\/225\/revisions"}],"predecessor-version":[{"id":583,"href":"https:\/\/bmv.sciencespo-lille.eu\/index.php\/wp-json\/wp\/v2\/pages\/225\/revisions\/583"}],"wp:attachment":[{"href":"https:\/\/bmv.sciencespo-lille.eu\/index.php\/wp-json\/wp\/v2\/media?parent=225"}],"curies":[{"name":"wp","href":"https:\/\/api.w.org\/{rel}","templated":true}]}}