{"id":42,"date":"2020-11-16T16:15:32","date_gmt":"2020-11-16T15:15:32","guid":{"rendered":"http:\/\/bmv.sciencespo-lille.eu\/?page_id=42"},"modified":"2025-12-02T12:10:50","modified_gmt":"2025-12-02T11:10:50","slug":"memoire-de-recherche-rapport-dexpertise-et-bachelorarbeit","status":"publish","type":"page","link":"https:\/\/bmv.sciencespo-lille.eu\/index.php\/memoire-de-recherche-rapport-dexpertise-et-bachelorarbeit\/","title":{"rendered":"M\u00e9moire de recherche, rapport d&rsquo;expertise et Bachelorarbeit"},"content":{"rendered":"\n<p>La 4<sup>\u00e8me<\/sup>&nbsp;ann\u00e9e de la majeure BMV est notamment marqu\u00e9e par la r\u00e9daction d\u2019un m\u00e9moire de recherche, un rapport d\u2019expertise ou une <em>Bachelorarbeit <\/em>(pour les \u00e9tudiantes et les \u00e9tudiants en FIFA).<\/p>\n\n\n\n<div style=\"height:20px\" aria-hidden=\"true\" class=\"wp-block-spacer\"><\/div>\n\n\n\n<h3 class=\"wp-block-heading\"><strong><strong>Quelques exemples de m\u00e9moires de recherche<\/strong> <\/strong>&#8211;<strong> 4A BMV<\/strong><\/h3>\n\n\n\n<ul class=\"wp-block-list\">\n<li><em>Le r\u00f4le de la viande v\u00e9g\u00e9tale dans la v\u00e9g\u00e9talisation de l\u2019alimentation <\/em><\/li>\n\n\n\n<li><em>Les magasins de proximit\u00e9 en circuits courts : tous engag\u00e9s vers une transition alimentaire durable ?<\/em><\/li>\n\n\n\n<li><em>La place du kouign-amann dans le syst\u00e8me des labels officiels de la qualit\u00e9 et de l\u2019origine <\/em><\/li>\n\n\n\n<li><em>Le traitement m\u00e9diatique de l\u2019alimentation v\u00e9g\u00e9tale. \u00c9tude de la presse magazine fran\u00e7aise de 2014 \u00e0 2021<\/em><\/li>\n\n\n\n<li><em>La transmission des savoirs comme h\u00e9ritage dans les familles de chefs \u00e9toil\u00e9s<\/em> <\/li>\n\n\n\n<li><em>Qu\u2019est-ce que le \u00ab pain nature(l) \u00bb ? Les facteurs de transformation de la profession boulang\u00e8re en France au d\u00e9but du XXIe si\u00e8cle <\/em><\/li>\n\n\n\n<li><em>Comment penser une aquaculture<\/em> <em>durable&nbsp;? Enjeux et d\u00e9fis du d\u00e9veloppement de l\u2019aquaponie en France<\/em><\/li>\n\n\n\n<li><em>Exposer la gastronomie fran\u00e7aise. Strat\u00e9gies de valorisation et de sauvegarde d\u2019un patrimoine immat\u00e9riel par les expositions au sein des institutions culturelles et mus\u00e9ales en France depuis 2010<\/em><\/li>\n\n\n\n<li><em>Le vin \u00ab nature \u00bb : un enjeu f\u00e9ministe ?<\/em><\/li>\n\n\n\n<li><em>Apprend-on \u00e0 manger comme on apprend \u00e0 lire&nbsp;? Strat\u00e9gies compar\u00e9es de deux associations fran\u00e7aises d\u2019\u00e9ducation alimentaire \u00e0 l\u2019\u00e9cole primaire<\/em> <\/li>\n\n\n\n<li><em>Le vin orange et l\u2019amphore&nbsp;: la gastrodiplomatie de la G\u00e9orgie<\/em><\/li>\n\n\n\n<li><em>La gastronomie fran\u00e7aise face au French Basching depuis 1990<\/em><\/li>\n\n\n\n<li><em>Gen\u00e8se, utilisation et avenir de la notion de commensalit\u00e9<\/em><\/li>\n\n\n\n<li><em>Yotam Ottolenghi&nbsp;: un chef et le monde, un chef et son monde<\/em><\/li>\n\n\n\n<li><em>La gastrodiplomatie de la Cor\u00e9e du Sud<\/em><\/li>\n\n\n\n<li><em>Esquisse de d\u00e9finition socio-historique de la bistronomie<\/em><\/li>\n\n\n\n<li><em>L\u2019immigration et la cuisine \u00e0 Marseille<\/em><\/li>\n\n\n\n<li><em>Injonctions au bien-\u00eatre, discours et corps des femmes<\/em><\/li>\n\n\n\n<li><em>Le Projet Alimentaire Territorial (PAT) en Seine-Saint-Denis<\/em><\/li>\n\n\n\n<li><em>Des ruches \u00e0 Paris&nbsp;: une contribution \u00e0 une sociabilit\u00e9 de quartier&nbsp;?<\/em><\/li>\n\n\n\n<li>La profession de critique gastronomique est-elle vou\u00e9e \u00e0 dispara\u00eetre&nbsp;?<\/li>\n\n\n\n<li>La lutte par l\u2019assiette : l\u2019action contre la camorra des coop\u00e9ratives sociales en Campanie<\/li>\n\n\n\n<li>Analysis of a public policy : the Free School Meals<\/li>\n\n\n\n<li>R\u00e9sister par l\u2019assiette : le cas du si\u00e8ge de Sarajevo (1992-1996)<\/li>\n\n\n\n<li>L\u2019accord : un processus de l\u00e9gitimation du boire gastronomique. \u00c9tude compar\u00e9e de la \u00ab&nbsp;gastronomisation&nbsp;\u00bb du vin et de la bi\u00e8re<\/li>\n\n\n\n<li>L&rsquo;insertion sur le march\u00e9 du travail ordinaire des personnes en situation de handicap mental et cognitif dans le secteur de la restauration<\/li>\n\n\n\n<li>Harry Potter \u00e0 l&rsquo;\u00e9cole de l&rsquo;alimentation. La construction des identit\u00e9s socio-culturelles dans l&rsquo;univers de Harry Potter<\/li>\n\n\n\n<li>Les Gallois mangent-ils du dragon ? Les enjeux nationalistes derri\u00e8re la valorisation de la gastronomie du pays de Galles<\/li>\n\n\n\n<li>Nourrir le saumon : entre industrialisation et durabilit\u00e9. Une \u00e9tude de la durabilit\u00e9 de l&rsquo;amont de la fili\u00e8re norv\u00e9gienne du saumon Atlantique d&rsquo;\u00e9levage<\/li>\n\n\n\n<li>Une racine bien gard\u00e9e. Le syndicat des fabricants de chicor\u00e9e de France (1908-1945)<\/li>\n<\/ul>\n\n\n\n<div style=\"height:20px\" aria-hidden=\"true\" class=\"wp-block-spacer\"><\/div>\n\n\n\n<p>Vous pouvez \u00e9galement&nbsp;<a rel=\"noreferrer noopener\" href=\"http:\/\/www.sciencespo-lille.eu\/bibliotheque\/documents-bibiliotheque\" target=\"_blank\"><strong>consulter les archives<\/strong><\/a>&nbsp;des m\u00e9moires de recherche, rapports d\u2019expertise et&nbsp;<em>Bachelorarbeiten&nbsp;<\/em>des ann\u00e9es pr\u00e9c\u00e9dentes.<\/p>\n","protected":false},"excerpt":{"rendered":"<p>La 4\u00e8me&nbsp;ann\u00e9e de la majeure BMV est notamment marqu\u00e9e par la r\u00e9daction d\u2019un m\u00e9moire de recherche, un rapport d\u2019expertise ou une Bachelorarbeit (pour les \u00e9tudiantes et les \u00e9tudiants en FIFA). Quelques exemples de m\u00e9moires de recherche &#8211; 4A BMV Vous pouvez \u00e9galement&nbsp;consulter les archives&nbsp;des m\u00e9moires de recherche, rapports d\u2019expertise et&nbsp;Bachelorarbeiten&nbsp;des ann\u00e9es pr\u00e9c\u00e9dentes.<\/p>\n","protected":false},"author":1,"featured_media":0,"parent":0,"menu_order":0,"comment_status":"closed","ping_status":"closed","template":"","meta":{"_seopress_robots_primary_cat":"","_seopress_titles_title":"","_seopress_titles_desc":"","_seopress_robots_index":"","ocean_post_layout":"","ocean_both_sidebars_style":"","ocean_both_sidebars_content_width":0,"ocean_both_sidebars_sidebars_width":0,"ocean_sidebar":"0","ocean_second_sidebar":"0","ocean_disable_margins":"enable","ocean_add_body_class":"","ocean_shortcode_before_top_bar":"","ocean_shortcode_after_top_bar":"","ocean_shortcode_before_header":"","ocean_shortcode_after_header":"","ocean_has_shortcode":"","ocean_shortcode_after_title":"","ocean_shortcode_before_footer_widgets":"","ocean_shortcode_after_footer_widgets":"","ocean_shortcode_before_footer_bottom":"","ocean_shortcode_after_footer_bottom":"","ocean_display_top_bar":"default","ocean_display_header":"default","ocean_header_style":"","ocean_center_header_left_menu":"0","ocean_custom_header_template":"0","ocean_custom_logo":0,"ocean_custom_retina_logo":0,"ocean_custom_logo_max_width":0,"ocean_custom_logo_tablet_max_width":0,"ocean_custom_logo_mobile_max_width":0,"ocean_custom_logo_max_height":0,"ocean_custom_logo_tablet_max_height":0,"ocean_custom_logo_mobile_max_height":0,"ocean_header_custom_menu":"0","ocean_menu_typo_font_family":"0","ocean_menu_typo_font_subset":"","ocean_menu_typo_font_size":0,"ocean_menu_typo_font_size_tablet":0,"ocean_menu_typo_font_size_mobile":0,"ocean_menu_typo_font_size_unit":"px","ocean_menu_typo_font_weight":"","ocean_menu_typo_font_weight_tablet":"","ocean_menu_typo_font_weight_mobile":"","ocean_menu_typo_transform":"","ocean_menu_typo_transform_tablet":"","ocean_menu_typo_transform_mobile":"","ocean_menu_typo_line_height":0,"ocean_menu_typo_line_height_tablet":0,"ocean_menu_typo_line_height_mobile":0,"ocean_menu_typo_line_height_unit":"","ocean_menu_typo_spacing":0,"ocean_menu_typo_spacing_tablet":0,"ocean_menu_typo_spacing_mobile":0,"ocean_menu_typo_spacing_unit":"","ocean_menu_link_color":"","ocean_menu_link_color_hover":"","ocean_menu_link_color_active":"","ocean_menu_link_background":"","ocean_menu_link_hover_background":"","ocean_menu_link_active_background":"","ocean_menu_social_links_bg":"","ocean_menu_social_hover_links_bg":"","ocean_menu_social_links_color":"","ocean_menu_social_hover_links_color":"","ocean_disable_title":"default","ocean_disable_heading":"default","ocean_post_title":"","ocean_post_subheading":"","ocean_post_title_style":"","ocean_post_title_background_color":"","ocean_post_title_background":0,"ocean_post_title_bg_image_position":"","ocean_post_title_bg_image_attachment":"","ocean_post_title_bg_image_repeat":"","ocean_post_title_bg_image_size":"","ocean_post_title_height":0,"ocean_post_title_bg_overlay":0.5,"ocean_post_title_bg_overlay_color":"","ocean_disable_breadcrumbs":"default","ocean_breadcrumbs_color":"","ocean_breadcrumbs_separator_color":"","ocean_breadcrumbs_links_color":"","ocean_breadcrumbs_links_hover_color":"","ocean_display_footer_widgets":"default","ocean_display_footer_bottom":"default","ocean_custom_footer_template":"0","footnotes":""},"class_list":["post-42","page","type-page","status-publish","hentry","entry"],"_links":{"self":[{"href":"https:\/\/bmv.sciencespo-lille.eu\/index.php\/wp-json\/wp\/v2\/pages\/42","targetHints":{"allow":["GET"]}}],"collection":[{"href":"https:\/\/bmv.sciencespo-lille.eu\/index.php\/wp-json\/wp\/v2\/pages"}],"about":[{"href":"https:\/\/bmv.sciencespo-lille.eu\/index.php\/wp-json\/wp\/v2\/types\/page"}],"author":[{"embeddable":true,"href":"https:\/\/bmv.sciencespo-lille.eu\/index.php\/wp-json\/wp\/v2\/users\/1"}],"replies":[{"embeddable":true,"href":"https:\/\/bmv.sciencespo-lille.eu\/index.php\/wp-json\/wp\/v2\/comments?post=42"}],"version-history":[{"count":18,"href":"https:\/\/bmv.sciencespo-lille.eu\/index.php\/wp-json\/wp\/v2\/pages\/42\/revisions"}],"predecessor-version":[{"id":593,"href":"https:\/\/bmv.sciencespo-lille.eu\/index.php\/wp-json\/wp\/v2\/pages\/42\/revisions\/593"}],"wp:attachment":[{"href":"https:\/\/bmv.sciencespo-lille.eu\/index.php\/wp-json\/wp\/v2\/media?parent=42"}],"curies":[{"name":"wp","href":"https:\/\/api.w.org\/{rel}","templated":true}]}}